the ten millions digit of 69926755?
6
What is the billions digit of 4591678385?
4
What is the units digit of 75992318?
8
What is the units digit of 2203300?
0
What is the tens digit of 1043942441?
4
What is the tens digit of 102900829?
2
What is the units digit of 19980316?
6
What is the ten thousands digit of 719549071?
4
What is the ten millions digit of 3403075793?
0
What is the ten thousands digit of 89755886?
5
What is the ten thousands digit of 1009152897?
5
What is the units digit of 1144834411?
1
What is the hundred millions digit of 1001553880?
0
What is the hundred thousands digit of 17109432?
1
What is the ten thousands digit of 1402293718?
9
What is the ten thousands digit of 142047645?
4
What is the ten millions digit of 653242621?
5
What is the millions digit of 3934761154?
4
What is the hundreds digit of 286552369?
3
What is the hundreds digit of 125391890?
8
What is the millions digit of 679693712?
9
What is the ten millions digit of 2979979004?
7
What is the ten millions digit of 125969045?
2
What is the millions digit of 31689284?
1
What is the hundred thousands digit of 22466168?
4
What is the hundred thousands digit of 81618214?
6
What is the hundred thousands digit of 31427995?
4
What is the billions digit of 4264775357?
4
What is the thousands digit of 74495424?
5
What is the hundreds digit of 107558460?
4
What is the hundreds digit of 5363800?
8
What is the hundreds digit of 23657591?
5
What is the thousands digit of 3802064?
2
What is the tens digit of 39446668?
6
What is the hundred millions digit of 2593116757?
5
What is the units digit of 856321698?
8
What is the millions digit of 267947169?
7
What is the millions digit of 202816901?
2
What is the tens digit of 438859573?
7
What is the hundred thousands digit of 4606132513?
1
What is the millions digit of 7467604?
7
What is the thousands digit of 23646994?
6
What is the hundred millions digit of 152625787?
1
What is the hundred thousands digit of 22691113?
6
What is the tens digit of 16537294?
9
What is the hundred thousands digit of 88452936?
4
What is the hundred thousands digit of 211817593?
8
What is the hundreds digit of 47078240?
2
What is the hundreds digit of 28440178?
1
What is the ten thousands digit of 27743204?
4
What is the hundred millions digit of 201211108?
2
What is the hundred millions digit of 1660401782?
6
What is the hundred millions digit of 129858767?
1
What is the ten thousands digit of 122374456?
7
What is the hundred thousands digit of 2793539344?
5
What is the tens digit of 59232061?
6
What is the ten millions digit of 167473864?
6
What is the hundred thousands digit of 31503502?
5
What is the thousands digit of 43223436?
3
What is the ten millions digit of 89752723?
8
What is the ten millions digit of 132281127?
3
What is the ten millions digit of 825782519?
2
What is the hundred thousands digit of 2719791585?
7
What is the hundreds digit of 57605931?
9
What is the millions digit of 471770195?
1
What is the tens digit of 75497964?
6
What is the thousands digit of 13163139?
3
What is the thousands digit of 1911418584?
8
What is the ten millions digit of 220022004?
2
What is the units digit of 599441101?
1
What is the millions digit of 2737433257?
7
What is the thousands digit of 3410272916?
2
What is the millions digit of 757106483?
7
What is the ten thousands digit of 155943977?
4
What is the tens digit of 3693946289?
8
What is the hundred millions digit of 148202226?
1
What is the hundreds digit of 25289566?
5
What is the thousands digit of 31535772?
5
What is the millions digit of 2019154263?
9
What is the millions digit of 65228482?
5
What is the hundreds digit of 48120707?
7
What is the hundred thousands digit of 151422649?
4
What is the millions digit of 1240578613?
0
What is the ten thousands digit of 12308678?
0
What is the ten millions digit of 1662107409?
6
What is the thousands digit of 346267183?
7
What is the tens digit of 721736699?
9
What is the millions digit of 42722877?
2
What is the millions digit of 262176332?
2
What is the ten thousands digit of 2655300232?
0
What is the hundred thousands digit of 3214061633?
0
What is the units digit of 267732125?
5
What is the units digit of 23630565?
5
What is the thousands digit of 65028816?
8
What is the hundreds digit of 923566038?
0
What is the ten millions digit of 6489092372?
8
What is the tens digit of 1125415906?
0
What is the thousands digit of 170896183?
6
What is the tens digit of 47750749?
4
What is the ten thousands digit of 759786812?
8
What is the ten thousands digit of 372466830?
6
What is the hundred thousands digit of 36724622?
7
What is the billions digit of 5708023076?
5
What is the ten millions digit of 46107205?
4
What is the hundreds digit of 45444191?
1
What is the thousands digit of 6223696?
3
What is the units digit of 1783274071?
1
What is the ten millions digit of 246111482?
4
What is the billions digit of 1071237335?
1
What is the tens digit of 345863723?
2
What is the tens digit of 212314223?
2
What is the tens digit of 712267860?
6
What is the ten thousands digit of 146191926?
9
What is the ten thousands digit of 1210801248?
0
What is the millions digit of 958055249?
8
What is the hundred thousands digit of 716973931?
9
What is the thousands digit of 682370925?
0
What is the thousands digit of 165143924?
3
What is the hundreds digit of 809199940?
9
What is the ten thousands digit of 157036016?
3
What is the hundred thousands digit of 1493168472?
1
What is the hundred thousands digit of 1107843605?
8
What is the tens digit of 220049778?
7
What is the units digit of 553898416?
6
What is the hundred millions digit of 2030468242?
0
What is the ten millions digit of 1914574844?
1
What is the hundred millions digit of 517265845?
5
What is the ten thousands digit of 28341611?
4
What is the units digit of 372634452?
2
What is the hundred thousands digit of 617122143?
1
What is the ten millions digit of 646722365?
4
What is the thousands digit of 136432144?
2
What is the hundreds digit of 94393280?
2
What is the ten millions digit of 49639712?
4
What is the hundred thousands digit of 75820451?
8
What is the tens digit of 1410722448?
4
What is the hundred thousands digit of 28271443?
2
What is the ten thousands digit of 8630754?
3
What is the hundred millions digit of 463620875?
4
What is the hundreds digit of 136192345?
3
What is the ten thousands digit of 8738374?
3
What is the tens digit of 1327112985?
8
What is the millions digit of 13997250?
3
What is the units digit of 352903334?
4
What is the hundreds digit of 10416643?
6
What is the ten thousands digit of 16626554?
2
What is the thousands digit of 161739722?
9
What is the tens digit of 24290985?
8
What is the hundreds digit of 538862694?
6
What is the ten millions digit of 4616079042?
1
What is the hundred thousands digit of 256105465?
1
What is the tens digit of 444488171?
7
What is the hundred millions digit of 3532355467?
5
What is the tens digit of 5829978?
7
What is the ten thousands digit of 41498398?
9
What is the ten millions digit of 54971799?
5
What is the thousands digit of 674348484?
8
What is the hundred millions digit of 116734572?
1
What is the ten millions digit of 24716320?
2
What is the hundreds digit of 265359140?
1
What is the hundreds digit of 14917403?
4
What is the units digit of 274554093?
3
What is the ten thousands digit of 782792132?
9
What is the units digit of 1498139091?
1
What is the ten millions digit of 488088420?
8
What is the tens digit of 5023927205?
0
What is the hundred thousands digit of 1063661?
0
What is the hundred thousands digit of 165571782?
5
What is the hundred millions digit of 1046899270?
0
What is the thousands digit of 3339673073?
3
What is the hundred millions digit of 646588288?
6
What is the millions digit of 749241390?
9
What is the thousands digit of 44809496?
9
What is the hundred millions digit of 324116337?
3
What is the ten millions digit of 46444649?
4
What is the hundreds digit of 1940685501?
5
What is the tens digit of 30007657?
5
What is the thousands digit of 308625080?
5
What is the millions digit of 72206337?
2
What is the thousands digit of 34507195?
7
What is the millions digit of 616027518?
6
What is the ten millions digit of 29268